 -40?
-3b
In base 12, what is -4 - -a7b?
a77
In base 7, what is -1233 - -35?
-1165
In base 3, what is -2 + -1100?
-1102
In base 6, what is 101 + -2035?
-1534
In base 10, what is 284 + 75?
359
In base 16, what is 1 - -71?
72
In base 3, what is -122111 + -12?
-122200
In base 7, what is -1546 - -1?
-1545
In base 7, what is -44330 - 2?
-44332
In base 4, what is 13 + 0?
13
In base 15, what is 489 + 4?
48d
In base 4, what is 12333 - -11?
13010
In base 7, what is 24 - -4?
31
In base 14, what is -2 - -d26?
d24
In base 13, what is -1a + -42?
-5c
In base 2, what is -100 - 11101011?
-11101111
In base 9, what is -114 - 34?
-148
In base 15, what is 0 + -80?
-80
In base 6, what is -1215 - -1?
-1214
In base 3, what is -2 - 10101?
-10110
In base 11, what is 97 + 0?
97
In base 14, what is -70 + 1?
-6d
In base 13, what is -26 + 6?
-20
In base 2, what is -10 + 100010100100?
100010100010
In base 2, what is 1101011101 - 100?
1101011001
In base 14, what is -3 - 1b5?
-1b8
In base 4, what is 3 + -1030?
-1021
In base 13, what is 5 - -346?
34b
In base 11, what is -1 - -8?
7
In base 10, what is -6 + 1?
-5
In base 12, what is -4b8 + 10?
-4a8
In base 9, what is 231 + -3?
227
In base 12, what is 31a - 9?
311
In base 14, what is 4 + -22ac?
-22a8
In base 7, what is -1 + 141?
140
In base 14, what is 20 + 28?
48
In base 6, what is 20 + 4?
24
In base 5, what is -24 - -4?
-20
In base 11, what is -298 + 3?
-295
In base 14, what is 5 - -126?
12b
In base 16, what is c - 4a?
-3e
In base 13, what is -404 + -8?
-40c
In base 5, what is -1302 + 1?
-1301
In base 2, what is -1010 - 10?
-1100
In base 14, what is -3 + -64?
-67
In base 13, what is 4 - 111?
-10a
In base 5, what is -1420 - 331?
-2301
In base 4, what is 11 + 131?
202
In base 13, what is b9 + 1?
ba
In base 7, what is 5036 - -4?
5043
In base 3, what is -20 + 1010?
220
In base 6, what is -21010 + 3?
-21003
In base 2, what is -1100111 + 100001?
-1000110
In base 3, what is -1002 + 1?
-1001
In base 16, what is c - -3?
f
In base 4, what is -22 - -10001?
3313
In base 16, what is d + 54?
61
In base 7, what is 453 - 51?
402
In base 14, what is 4 - -3?
7
In base 11, what is 26 + -15?
11
In base 8, what is -20 - -22?
2
In base 16, what is -9 - 14?
-1d
In base 13, what is -4 + -78?
-7c
In base 16, what is -3 + -459?
-45c
In base 4, what is -102311 + -2?
-102313
In base 13, what is -2 - 9?
-b
In base 8, what is -1256 - -5?
-1251
In base 6, what is -3252 - 11?
-3303
In base 12, what is -2 + -269b?
-26a1
In base 2, what is -1010111 - -1111?
-1001000
In base 8, what is -10 - -10?
0
In base 16, what is -87 + b?
-7c
In base 11, what is 7 + -a8?
-a1
In base 6, what is -415 - -13?
-402
In base 4, what is 2201 + 23?
2230
In base 12, what is 33a + 2?
340
In base 3, what is -111 - -120001?
112120
In base 8, what is -56 + -653?
-731
In base 7, what is 1334 + 0?
1334
In base 8, what is 133703 + 5?
133710
In base 4, what is 2102 + 3?
2111
In base 16, what is 53 + 4?
57
In base 14, what is 5 - d1?
-ca
In base 9, what is 586 - 5?
581
In base 4, what is 3 + 30123?
30132
In base 15, what is 15 - -10?
25
In base 8, what is -2002 - 4?
-2006
In base 3, what is -202 + -112?
-1021
In base 15, what is 1 + e5?
e6
In base 6, what is -221 + -12?
-233
In base 6, what is 1244 + -1?
1243
In base 3, what is -1122 - 11202?
-20101
In base 12, what is -63 - -2?
-61
In base 6, what is -1050 + 5?
-1041
In base 11, what is -1a6 - -4?
-1a2
In base 9, what is 1470 + 1?
1471
In base 16, what is -a2 - -2a?
-78
In base 9, what is 3 - -51?
54
In base 12, what is 5 - a23?
-a1a
In base 8, what is 32 - 6?
24
In base 15, what is c424 - 3?
c421
In base 2, what is 10 - 110001?
-101111
In base 16, what is 2 + -4a?
-48
In base 14, what is -5c + -8?
-66
In base 9, what is 0 - -5?
5
In base 13, what is 31a - 5?
315
In base 15, what is -2 - -74b?
749
In base 8, what is -347 - 0?
-347
In base 6, what is -4 - 110?
-114
In base 7, what is -10 + 31?
21
In base 12, what is 0 + 57?
57
In base 6, what is 241 - 12?
225
In base 11, what is -5 + 1564?
155a
In base 12, what is 18b + -5?
186
In base 14, what is cb - -3?
d0
In base 12, what is -6 + a?
4
In base 14, what is 5 - -1a?
21
In base 12, what is 1 - -1a8?
1a9
In base 6, what is -3 + -203?
-210
In base 10, what is -2 + -48?
-50
In base 15, what is -33 - 1?
-34
In base 4, what is 22230 + -23?
22201
In base 4, what is 13213 - 3?
13210
In base 13, what is 9849 - 2?
9847
In base 2, what is 100100 - 11?
100001
In base 4, what is 110 - 20?
30
In base 4, what is -111201 - 10?
-111211
In base 10, what is -21 + -759?
-780
In base 7, what is -56416 + -5?
-56424
In base 13, what is 2 - 43?
-41
In base 7, what is 1044 + -3?
1041
In base 2, what is -10011 + -1000?
-11011
In base 7, what is 2 + -40534?
-40532
In base 14, what is -231 - -5?
-22a
In base 9, what is 17 - -30?
47
In base 15, what is -2 + 156?
154
In base 7, what is 26 + -22?
4
In base 7, what is -1 - -14?
13
In base 4, what is -11 - 111211?
-111222
In base 2, what is -101111101 - -100?
-101111001
In base 6, what is 422 + 15?
441
In base 2, what is -111111 + 11?
-111100
In base 9, what is 5 + -136?
-131
In base 16, what is 9b + 5?
a0
In base 11, what is 136 + 41?
177
In base 12, what is 51 - -13?
64
In base 16, what is 3e + -7?
37
In base 7, what is -1 + -213?
-214
In base 2, what is -10011010111 - 110?
-10011011101
In base 4, what is -3 - -112?
103
In base 10, what is -65 - 5?
-70
In base 13, what is 19 + 5?
21
In base 9, what is -3 + -104?
-107
In base 8, what is 1 - 2332?
-2331
In base 3, what is -22110 - -10?
-22100
In base 13, what is 22b7 - 4?
22b3
In base 13, what is ab - 3?
a8
In base 8, what is -7773 + 0?
-7773
In base 4, what is -1211 - 100?
-1311
In base 2, what is -10 + 100110000?
100101110
In base 13, what is 40c + -8?
404
In base 2, what is 101 + 110010?
110111
In base 15, what is 4 - -3?
7
In base 7, what is 23 + 30?
53
In base 12, what is 156 + -2?
154
In base 2, what is -1101000001 + -10?
-1101000011
In base 5, what is 2 + 14122?
14124
In base 9, what is 2 + 233?
235
In base 8, what is -101 - -102?
1
In base 14, what is 5 - 10?
-9
In base 13, what is 16 - -1?
17
In base 11, what is -a - 1?
-10
In base 16, what is a + -53?
-49
In base 5, what is -2 + -14313?
-14320
In base 11, what is -2 - 1a85?
-1a87
In base 5, what is -2104 + -200?
-2304
In base 15, what is 1c8 - 5?
1c3
In base 12, what is -23 - 227?
-24a
In base 2, what is 110 - -1010000?
1010110
In base 3, what is 100 + 1110?
1210
In base 8, what is 17 - 63?
-44
In base 16, what is b2 + d?
bf
In base 3, what is -2112 - 10?
-2122
In base 7, what is -655 - 0?
-655
In base 3, what is -20 + 2021?
2001
In base 3, what is -1101201 - 10?
-1101211
In base 13, what is 3 + 37?
3a
In base 8, what is -11 - -5?
-4
In base 9, what is 13 + 245?
258
In base 16, what is -b3 + -8?
-bb
In base 9, what is 11 + -2344?
-2333
In base 6, what is 1 - 21302?
-21301
In base 8, what is 2 + 2403?
2405
In base 3, what is -11010201 - -21?
-11010110
In base 3, what is -201 + 20211?
20010
In base 5, what is -12123 - 1?
-12124
In base 13, what is 1 - -369?
36a
In base 14, what is -6 - 10?
-16
In base 11, what is -1034 + 1?
-1033
In base 16, what is -8 + -25?
-2d
In base 8, what is 4654 - -2?
4656
In base 4, what is 320 - -112?
1032
In base 12, what is -27 - -4?
-23
In base 14, what is -8 + -102?
-10a
In base 15, what is 67 + -d?
59
In base 11, what is -196 + 1?
-195
In base 7, what is 35 + -10?
25
In base 5, what is 2333 - -3?
2341
In base 13, what is 50 - 5?
48
In base 3, what is -1211 - 2101?
-11012
In base 12, what is -4 + 94?
90
In base 3, what is 12 - 2202020?
-2202001
In base 11, what is 10501 + -2?
104aa
In base 9, what is 344 + -3?
341
In base 7, what is 33 - 3?
30
In base 2, what is 10 - -1001101011101?
1001101011111
In base 10, what is -4 + -24?
-28
In base 10, what is -5703 - 4?
-5707
In base 15, what is 116 - -13?
129
In base 10, what is 19 - 20?
-1
In base 3, what is -100122 + -11?
-100210
In base 15, what is a + 20?
2a
In base 16, what is 4 - -f4?
f8
In base 10, what is -440 + 2?
-438
In base 8, what is 14 + -726?
-712
In base 5, what is -101402 - 0?
-101402
In base 3, what is 0 - -10102011?
10102011
In base 11, what is -14 + -6a?
-83
In base 2, what is 111101000100 + 1?
111101000101
In base 13, what is -b - 54?
-62
In base 14, what is 0 + -53?
